{"id":85,"date":"2024-08-02T09:07:38","date_gmt":"2024-08-02T07:07:38","guid":{"rendered":"https:\/\/seoptimise.fr\/?page_id=85"},"modified":"2025-08-25T11:18:19","modified_gmt":"2025-08-25T09:18:19","slug":"tas-la-ref-2","status":"publish","type":"page","link":"https:\/\/seoptimise.fr\/index.php\/tas-la-ref-2\/","title":{"rendered":"T&rsquo;as la r\u00e9f ?"},"content":{"rendered":"\n<div class=\"wp-block-group alignwide has-base-2-background-color has-background is-layout-flow wp-block-group-is-layout-flow\" style=\"border-radius:16px;padding-top:var(--wp--preset--spacing--50);padding-right:var(--wp--preset--spacing--50);padding-bottom:var(--wp--preset--spacing--50);padding-left:var(--wp--preset--spacing--50)\">\n<h2 class=\"wp-block-heading has-text-align-center\">Nos r\u00e9f\u00e9rences<\/h2>\n\n\n\n<h3 class=\"wp-block-heading\">Derni\u00e8res r\u00e9alisations :<\/h3>\n\n\n\n<div class=\"wp-block-cover\"><img loading=\"lazy\" decoding=\"async\" width=\"612\" height=\"408\" class=\"wp-block-cover__image-background wp-image-275\" alt=\"\" src=\"https:\/\/seoptimise.fr\/wp-content\/uploads\/2025\/08\/Manipulation-osteo.jpeg\" data-object-fit=\"cover\" srcset=\"https:\/\/seoptimise.fr\/wp-content\/uploads\/2025\/08\/Manipulation-osteo.jpeg 612w, https:\/\/seoptimise.fr\/wp-content\/uploads\/2025\/08\/Manipulation-osteo-300x200.jpeg 300w\" sizes=\"auto, (max-width: 612px) 100vw, 612px\" \/><span aria-hidden=\"true\" class=\"wp-block-cover__background has-background-dim\"><\/span><div class=\"wp-block-cover__inner-container is-layout-flow wp-block-cover-is-layout-flow\">\n<p class=\"has-text-align-center has-base-color has-text-color has-link-color has-large-font-size wp-elements-8e95f36c84b4db1b7f5d7147c2a87e42\">R\u00e9alisation du site <a href=\"https:\/\/osteobeynost.fr\/\" target=\"_blank\" rel=\"noreferrer noopener\"><strong>osteobeynost.fr<\/strong><\/a> (CMS WordPress)<\/p>\n<\/div><\/div>\n<\/div>\n\n\n\n<h3 class=\"wp-block-heading\">Ils nous ont fait confiance pour la cr\u00e9ation ou l&rsquo;optimisation de leur contenu web :<\/h3>\n\n\n\n<div class=\"wp-block-group alignwide has-base-2-background-color has-background is-layout-flow wp-block-group-is-layout-flow\" style=\"border-radius:16px;padding-top:var(--wp--preset--spacing--50);padding-right:var(--wp--preset--spacing--50);padding-bottom:var(--wp--preset--spacing--50);padding-left:var(--wp--preset--spacing--50)\">\n<div style=\"height:var(--wp--preset--spacing--10)\" aria-hidden=\"true\" class=\"wp-block-spacer\"><\/div>\n\n\n\n<div class=\"wp-block-group alignwide is-content-justification-center is-layout-flex wp-container-core-group-is-layout-f95ffa09 wp-block-group-is-layout-flex\" style=\"padding-top:0;padding-right:0;padding-bottom:0;padding-left:0\">\n<figure class=\"wp-block-image size-full is-resized\"><a href=\"https:\/\/www.journaldesfemmes.fr\/account\/cynda-touri-14778728\" target=\"_blank\" rel=\"noreferrer noopener\"><img loading=\"lazy\" decoding=\"async\" width=\"225\" height=\"225\" src=\"https:\/\/seoptimise.fr\/wp-content\/uploads\/2024\/08\/Logo-journal-des-femmes.png\" alt=\"\" class=\"wp-image-86\" style=\"aspect-ratio:4\/3;object-fit:contain;width:150px\" srcset=\"https:\/\/seoptimise.fr\/wp-content\/uploads\/2024\/08\/Logo-journal-des-femmes.png 225w, https:\/\/seoptimise.fr\/wp-content\/uploads\/2024\/08\/Logo-journal-des-femmes-150x150.png 150w\" sizes=\"auto, (max-width: 225px) 100vw, 225px\" \/><\/a><\/figure>\n\n\n\n<figure class=\"wp-block-image size-full is-resized\"><a href=\"https:\/\/www.thecoolrepublic.com\/fr-fr\" target=\"_blank\" rel=\"noreferrer noopener\"><img loading=\"lazy\" decoding=\"async\" width=\"200\" height=\"189\" src=\"https:\/\/seoptimise.fr\/wp-content\/uploads\/2024\/08\/Logo-the-cool-republic.jpeg\" alt=\"\" class=\"wp-image-90\" style=\"aspect-ratio:4\/3;object-fit:contain;width:150px\"\/><\/a><\/figure>\n\n\n\n<figure class=\"wp-block-image size-full is-resized\"><a href=\"https:\/\/tomorrowjobs.fr\/blog-conseils-rh\" target=\"_blank\" rel=\"noreferrer noopener\"><img loading=\"lazy\" decoding=\"async\" width=\"204\" height=\"192\" src=\"https:\/\/seoptimise.fr\/wp-content\/uploads\/2024\/08\/Logo-tomorrow-jobs.png\" alt=\"\" class=\"wp-image-93\" style=\"aspect-ratio:4\/3;object-fit:contain;width:150px\"\/><\/a><\/figure>\n\n\n\n<figure class=\"wp-block-image size-full is-resized\"><a href=\"https:\/\/www.houzz.fr\/user\/touricynda\" target=\"_blank\" rel=\"noreferrer noopener\"><img loading=\"lazy\" decoding=\"async\" width=\"204\" height=\"192\" src=\"https:\/\/seoptimise.fr\/wp-content\/uploads\/2024\/08\/Logo-houzz.png\" alt=\"\" class=\"wp-image-103\" style=\"aspect-ratio:4\/3;object-fit:contain;width:150px\"\/><\/a><\/figure>\n\n\n\n<figure class=\"wp-block-image size-full is-resized\"><a href=\"https:\/\/www.lesateliersdubiennaitre.com\/\" target=\"_blank\" rel=\"noreferrer noopener\"><img loading=\"lazy\" decoding=\"async\" width=\"219\" height=\"230\" src=\"https:\/\/seoptimise.fr\/wp-content\/uploads\/2024\/08\/Logo-les-ateliers-du-bien-naitre.jpeg\" alt=\"\" class=\"wp-image-110\" style=\"aspect-ratio:4\/3;object-fit:contain;width:150px\"\/><\/a><\/figure>\n<\/div>\n<\/div>\n\n\n\n<p><\/p>\n","protected":false},"excerpt":{"rendered":"<p>Nos r\u00e9f\u00e9rences Derni\u00e8res r\u00e9alisations : Ils nous ont fait confiance pour la cr\u00e9ation ou l&rsquo;optimisation de leur contenu web :<\/p>\n","protected":false},"author":1,"featured_media":0,"parent":0,"menu_order":0,"comment_status":"closed","ping_status":"closed","template":"","meta":{"footnotes":""},"class_list":["post-85","page","type-page","status-publish","hentry"],"yoast_head":"<!-- This site is optimized with the Yoast SEO plugin v23.3 - https:\/\/yoast.com\/wordpress\/plugins\/seo\/ -->\n<title>T&#039;as la r\u00e9f ? - seoptimise.fr<\/title>\n<meta name=\"description\" content=\"Retrouvez dans cette rubrique nos r\u00e9f\u00e9rences en mati\u00e8re de cr\u00e9ation et\/ou d&#039;optimisation de contenu web pour diff\u00e9rents sites.\" \/>\n<meta name=\"robots\" content=\"index, follow, max-snippet:-1, max-image-preview:large, max-video-preview:-1\" \/>\n<link rel=\"canonical\" href=\"https:\/\/seoptimise.fr\/index.php\/tas-la-ref-2\/\" \/>\n<meta property=\"og:locale\" content=\"fr_FR\" \/>\n<meta property=\"og:type\" content=\"article\" \/>\n<meta property=\"og:title\" content=\"T&#039;as la r\u00e9f ? - seoptimise.fr\" \/>\n<meta property=\"og:description\" content=\"Retrouvez dans cette rubrique nos r\u00e9f\u00e9rences en mati\u00e8re de cr\u00e9ation et\/ou d&#039;optimisation de contenu web pour diff\u00e9rents sites.\" \/>\n<meta property=\"og:url\" content=\"https:\/\/seoptimise.fr\/index.php\/tas-la-ref-2\/\" \/>\n<meta property=\"og:site_name\" content=\"seoptimise.fr\" \/>\n<meta property=\"article:modified_time\" content=\"2025-08-25T09:18:19+00:00\" \/>\n<meta property=\"og:image\" content=\"https:\/\/seoptimise.fr\/wp-content\/uploads\/2025\/08\/Manipulation-osteo.jpeg\" \/>\n<meta name=\"twitter:card\" content=\"summary_large_image\" \/>\n<meta name=\"twitter:label1\" content=\"Dur\u00e9e de lecture estim\u00e9e\" \/>\n\t<meta name=\"twitter:data1\" content=\"2 minutes\" \/>\n<script type=\"application\/ld+json\" class=\"yoast-schema-graph\">{\"@context\":\"https:\/\/schema.org\",\"@graph\":[{\"@type\":\"WebPage\",\"@id\":\"https:\/\/seoptimise.fr\/index.php\/tas-la-ref-2\/\",\"url\":\"https:\/\/seoptimise.fr\/index.php\/tas-la-ref-2\/\",\"name\":\"T'as la r\u00e9f ? - seoptimise.fr\",\"isPartOf\":{\"@id\":\"https:\/\/seoptimise.fr\/#website\"},\"primaryImageOfPage\":{\"@id\":\"https:\/\/seoptimise.fr\/index.php\/tas-la-ref-2\/#primaryimage\"},\"image\":{\"@id\":\"https:\/\/seoptimise.fr\/index.php\/tas-la-ref-2\/#primaryimage\"},\"thumbnailUrl\":\"https:\/\/seoptimise.fr\/wp-content\/uploads\/2025\/08\/Manipulation-osteo.jpeg\",\"datePublished\":\"2024-08-02T07:07:38+00:00\",\"dateModified\":\"2025-08-25T09:18:19+00:00\",\"description\":\"Retrouvez dans cette rubrique nos r\u00e9f\u00e9rences en mati\u00e8re de cr\u00e9ation et\/ou d'optimisation de contenu web pour diff\u00e9rents sites.\",\"breadcrumb\":{\"@id\":\"https:\/\/seoptimise.fr\/index.php\/tas-la-ref-2\/#breadcrumb\"},\"inLanguage\":\"fr-FR\",\"potentialAction\":[{\"@type\":\"ReadAction\",\"target\":[\"https:\/\/seoptimise.fr\/index.php\/tas-la-ref-2\/\"]}]},{\"@type\":\"ImageObject\",\"inLanguage\":\"fr-FR\",\"@id\":\"https:\/\/seoptimise.fr\/index.php\/tas-la-ref-2\/#primaryimage\",\"url\":\"https:\/\/seoptimise.fr\/wp-content\/uploads\/2025\/08\/Manipulation-osteo.jpeg\",\"contentUrl\":\"https:\/\/seoptimise.fr\/wp-content\/uploads\/2025\/08\/Manipulation-osteo.jpeg\",\"width\":612,\"height\":408,\"caption\":\"Professional female physiotherapist giving shoulder massage to brunette woman in hospital. Medical check at the shoulder in a physiotherapy center.\"},{\"@type\":\"BreadcrumbList\",\"@id\":\"https:\/\/seoptimise.fr\/index.php\/tas-la-ref-2\/#breadcrumb\",\"itemListElement\":[{\"@type\":\"ListItem\",\"position\":1,\"name\":\"Accueil\",\"item\":\"https:\/\/seoptimise.fr\/\"},{\"@type\":\"ListItem\",\"position\":2,\"name\":\"T&rsquo;as la r\u00e9f ?\"}]},{\"@type\":\"WebSite\",\"@id\":\"https:\/\/seoptimise.fr\/#website\",\"url\":\"https:\/\/seoptimise.fr\/\",\"name\":\"seoptimise.fr\",\"description\":\"Le partenaire de votre visibilit\u00e9 sur les moteurs de recherche\",\"publisher\":{\"@id\":\"https:\/\/seoptimise.fr\/#organization\"},\"potentialAction\":[{\"@type\":\"SearchAction\",\"target\":{\"@type\":\"EntryPoint\",\"urlTemplate\":\"https:\/\/seoptimise.fr\/?s={search_term_string}\"},\"query-input\":\"required name=search_term_string\"}],\"inLanguage\":\"fr-FR\"},{\"@type\":\"Organization\",\"@id\":\"https:\/\/seoptimise.fr\/#organization\",\"name\":\"seoptimise.fr\",\"url\":\"https:\/\/seoptimise.fr\/\",\"logo\":{\"@type\":\"ImageObject\",\"inLanguage\":\"fr-FR\",\"@id\":\"https:\/\/seoptimise.fr\/#\/schema\/logo\/image\/\",\"url\":\"https:\/\/seoptimise.fr\/wp-content\/uploads\/2024\/08\/Logo_seoptimise-removebg-preview.png\",\"contentUrl\":\"https:\/\/seoptimise.fr\/wp-content\/uploads\/2024\/08\/Logo_seoptimise-removebg-preview.png\",\"width\":500,\"height\":500,\"caption\":\"seoptimise.fr\"},\"image\":{\"@id\":\"https:\/\/seoptimise.fr\/#\/schema\/logo\/image\/\"}}]}<\/script>\n<!-- \/ Yoast SEO plugin. -->","yoast_head_json":{"title":"T'as la r\u00e9f ? - seoptimise.fr","description":"Retrouvez dans cette rubrique nos r\u00e9f\u00e9rences en mati\u00e8re de cr\u00e9ation et\/ou d'optimisation de contenu web pour diff\u00e9rents sites.","robots":{"index":"index","follow":"follow","max-snippet":"max-snippet:-1","max-image-preview":"max-image-preview:large","max-video-preview":"max-video-preview:-1"},"canonical":"https:\/\/seoptimise.fr\/index.php\/tas-la-ref-2\/","og_locale":"fr_FR","og_type":"article","og_title":"T'as la r\u00e9f ? - seoptimise.fr","og_description":"Retrouvez dans cette rubrique nos r\u00e9f\u00e9rences en mati\u00e8re de cr\u00e9ation et\/ou d'optimisation de contenu web pour diff\u00e9rents sites.","og_url":"https:\/\/seoptimise.fr\/index.php\/tas-la-ref-2\/","og_site_name":"seoptimise.fr","article_modified_time":"2025-08-25T09:18:19+00:00","og_image":[{"url":"https:\/\/seoptimise.fr\/wp-content\/uploads\/2025\/08\/Manipulation-osteo.jpeg"}],"twitter_card":"summary_large_image","twitter_misc":{"Dur\u00e9e de lecture estim\u00e9e":"2 minutes"},"schema":{"@context":"https:\/\/schema.org","@graph":[{"@type":"WebPage","@id":"https:\/\/seoptimise.fr\/index.php\/tas-la-ref-2\/","url":"https:\/\/seoptimise.fr\/index.php\/tas-la-ref-2\/","name":"T'as la r\u00e9f ? - seoptimise.fr","isPartOf":{"@id":"https:\/\/seoptimise.fr\/#website"},"primaryImageOfPage":{"@id":"https:\/\/seoptimise.fr\/index.php\/tas-la-ref-2\/#primaryimage"},"image":{"@id":"https:\/\/seoptimise.fr\/index.php\/tas-la-ref-2\/#primaryimage"},"thumbnailUrl":"https:\/\/seoptimise.fr\/wp-content\/uploads\/2025\/08\/Manipulation-osteo.jpeg","datePublished":"2024-08-02T07:07:38+00:00","dateModified":"2025-08-25T09:18:19+00:00","description":"Retrouvez dans cette rubrique nos r\u00e9f\u00e9rences en mati\u00e8re de cr\u00e9ation et\/ou d'optimisation de contenu web pour diff\u00e9rents sites.","breadcrumb":{"@id":"https:\/\/seoptimise.fr\/index.php\/tas-la-ref-2\/#breadcrumb"},"inLanguage":"fr-FR","potentialAction":[{"@type":"ReadAction","target":["https:\/\/seoptimise.fr\/index.php\/tas-la-ref-2\/"]}]},{"@type":"ImageObject","inLanguage":"fr-FR","@id":"https:\/\/seoptimise.fr\/index.php\/tas-la-ref-2\/#primaryimage","url":"https:\/\/seoptimise.fr\/wp-content\/uploads\/2025\/08\/Manipulation-osteo.jpeg","contentUrl":"https:\/\/seoptimise.fr\/wp-content\/uploads\/2025\/08\/Manipulation-osteo.jpeg","width":612,"height":408,"caption":"Professional female physiotherapist giving shoulder massage to brunette woman in hospital. Medical check at the shoulder in a physiotherapy center."},{"@type":"BreadcrumbList","@id":"https:\/\/seoptimise.fr\/index.php\/tas-la-ref-2\/#breadcrumb","itemListElement":[{"@type":"ListItem","position":1,"name":"Accueil","item":"https:\/\/seoptimise.fr\/"},{"@type":"ListItem","position":2,"name":"T&rsquo;as la r\u00e9f ?"}]},{"@type":"WebSite","@id":"https:\/\/seoptimise.fr\/#website","url":"https:\/\/seoptimise.fr\/","name":"seoptimise.fr","description":"Le partenaire de votre visibilit\u00e9 sur les moteurs de recherche","publisher":{"@id":"https:\/\/seoptimise.fr\/#organization"},"potentialAction":[{"@type":"SearchAction","target":{"@type":"EntryPoint","urlTemplate":"https:\/\/seoptimise.fr\/?s={search_term_string}"},"query-input":"required name=search_term_string"}],"inLanguage":"fr-FR"},{"@type":"Organization","@id":"https:\/\/seoptimise.fr\/#organization","name":"seoptimise.fr","url":"https:\/\/seoptimise.fr\/","logo":{"@type":"ImageObject","inLanguage":"fr-FR","@id":"https:\/\/seoptimise.fr\/#\/schema\/logo\/image\/","url":"https:\/\/seoptimise.fr\/wp-content\/uploads\/2024\/08\/Logo_seoptimise-removebg-preview.png","contentUrl":"https:\/\/seoptimise.fr\/wp-content\/uploads\/2024\/08\/Logo_seoptimise-removebg-preview.png","width":500,"height":500,"caption":"seoptimise.fr"},"image":{"@id":"https:\/\/seoptimise.fr\/#\/schema\/logo\/image\/"}}]}},"_links":{"self":[{"href":"https:\/\/seoptimise.fr\/index.php\/wp-json\/wp\/v2\/pages\/85","targetHints":{"allow":["GET"]}}],"collection":[{"href":"https:\/\/seoptimise.fr\/index.php\/wp-json\/wp\/v2\/pages"}],"about":[{"href":"https:\/\/seoptimise.fr\/index.php\/wp-json\/wp\/v2\/types\/page"}],"author":[{"embeddable":true,"href":"https:\/\/seoptimise.fr\/index.php\/wp-json\/wp\/v2\/users\/1"}],"replies":[{"embeddable":true,"href":"https:\/\/seoptimise.fr\/index.php\/wp-json\/wp\/v2\/comments?post=85"}],"version-history":[{"count":17,"href":"https:\/\/seoptimise.fr\/index.php\/wp-json\/wp\/v2\/pages\/85\/revisions"}],"predecessor-version":[{"id":279,"href":"https:\/\/seoptimise.fr\/index.php\/wp-json\/wp\/v2\/pages\/85\/revisions\/279"}],"wp:attachment":[{"href":"https:\/\/seoptimise.fr\/index.php\/wp-json\/wp\/v2\/media?parent=85"}],"curies":[{"name":"wp","href":"https:\/\/api.w.org\/{rel}","templated":true}]}}